ate the highest common divisor of 49 and 25627.
49
What is the highest common divisor of 2774 and 584?
146
What is the highest common factor of 30 and 110?
10
What is the greatest common factor of 403 and 39?
13
What is the greatest common factor of 21 and 39?
3
Calculate the greatest common divisor of 63 and 987.
21
Calculate the highest common factor of 258 and 7568.
86
Calculate the highest common divisor of 74 and 78847.
37
Calculate the highest common factor of 527 and 62.
31
What is the highest common divisor of 494 and 52?
26
Calculate the highest common factor of 1243 and 11.
11
Calculate the greatest common factor of 13 and 1391.
13
What is the highest common divisor of 88 and 408?
8
What is the highest common divisor of 32 and 3616?
32
What is the greatest common factor of 208 and 26?
26
Calculate the greatest common factor of 1 and 281.
1
What is the greatest common factor of 6227 and 26?
13
What is the highest common divisor of 106 and 583?
53
What is the highest common factor of 10 and 1390?
10
Calculate the greatest common divisor of 52 and 18057.
13
What is the greatest common factor of 42 and 518?
14
Calculate the highest common factor of 340 and 100.
20
Calculate the highest common divisor of 14 and 10.
2
What is the greatest common divisor of 5950 and 28?
14
What is the highest common factor of 533 and 41?
41
Calculate the highest common factor of 558 and 54.
18
What is the greatest common factor of 6478 and 553?
79
Calculate the highest common divisor of 105 and 3955.
35
Calculate the highest common divisor of 279 and 62.
31
Calculate the greatest common factor of 237 and 96.
3
Calculate the highest common factor of 1442 and 14.
14
What is the greatest common factor of 1175 and 141?
47
What is the greatest common factor of 2145 and 385?
55
What is the highest common divisor of 4624 and 34?
34
Calculate the highest common divisor of 4671 and 27.
27
Calculate the highest common factor of 160 and 2520.
40
Calculate the highest common factor of 476 and 34.
34
Calculate the greatest common factor of 65 and 35932.
13
What is the greatest common factor of 686 and 490?
98
What is the greatest common factor of 24 and 1320?
24
Calculate the highest common factor of 115 and 4255.
115
What is the highest common factor of 126 and 2114?
14
Calculate the highest common factor of 42 and 126.
42
Calculate the highest common divisor of 4 and 12.
4
What is the greatest common divisor of 58 and 5887?
29
What is the highest common divisor of 7 and 133?
7
Calculate the highest common factor of 41 and 697.
41
What is the highest common factor of 5396 and 304?
76
Calculate the highest common factor of 16 and 36.
4
What is the greatest common divisor of 312 and 26?
26
What is the greatest common divisor of 156 and 3510?
78
Calculate the highest common divisor of 13407 and 327.
327
What is the highest common factor of 8 and 48?
8
Calculate the highest common divisor of 7932 and 4.
4
What is the greatest common divisor of 2240 and 42?
14
What is the greatest common divisor of 55 and 3685?
55
What is the highest common factor of 253 and 1859?
11
What is the greatest common divisor of 1394 and 34?
34
Calculate the highest common divisor of 244 and 305.
61
What is the greatest common factor of 104 and 6266?
26
Calculate the highest common divisor of 396 and 252.
36
What is the highest common divisor of 1088 and 192?
64
What is the highest common factor of 255 and 1105?
85
What is the greatest common divisor of 184 and 1748?
92
Calculate the highest common factor of 170 and 34.
34
What is the greatest common divisor of 13961 and 23?
23
Calculate the highest common factor of 252 and 1484.
28
Calculate the greatest common divisor of 15576 and 11.
11
What is the greatest common factor of 72 and 264?
24
Calculate the highest common divisor of 288 and 256.
32
What is the greatest common divisor of 5641 and 1?
1
What is the greatest common factor of 24 and 18?
6
What is the highest common divisor of 58 and 2378?
58
What is the greatest common factor of 7 and 1043?
7
Calculate the highest common factor of 33 and 1797.
3
What is the highest common divisor of 10 and 270?
10
What is the greatest common factor of 97 and 1?
1
What is the highest common factor of 23808 and 24?
24
Calculate the greatest common factor of 70 and 20.
10
Calculate the highest common divisor of 54 and 27.
27
What is the greatest common divisor of 136 and 1292?
68
Calculate the highest common factor of 35 and 2520.
35
Calculate the highest common factor of 14151 and 801.
267
Calculate the greatest common factor of 151 and 11929.
151
What is the greatest common divisor of 116 and 522?
58
Calculate the highest common factor of 285 and 741.
57
What is the highest common divisor of 1820 and 390?
130
What is the highest common factor of 6 and 15?
3
What is the highest common divisor of 4552 and 16?
8
Calculate the greatest common divisor of 100 and 1050.
50
Calculate the greatest common divisor of 44 and 2398.
22
Calculate the highest common divisor of 287 and 5781.
41
Calculate the highest common divisor of 209 and 88.
11
Calculate the greatest common factor of 5 and 5.
5
Calculate the highest common divisor of 252 and 84.
84
Calculate the greatest common divisor of 119 and 1343.
17
Calculate the highest common divisor of 4152 and 48.
24
Calculate the highest common factor of 2519 and 44.
11
What is the greatest common divisor of 63 and 7?
7
Calculate the highest common divisor of 61 and 5002.
61
What is the greatest common factor of 2054 and 474?
158
What is the greatest common divisor of 2044 and 28?
28
What is the greatest common factor of 188 and 658?
94
Calculate the greatest common factor of 741 and 78.
39
What is the highest common factor of 6 and 82734?
6
Calculate the greatest common divisor of 83297 and 31.
31
Calculate the highest common factor of 1056 and 21.
3
Calculate the greatest common factor of 1170 and 4160.
130
What is the highest common factor of 32 and 81?
1
Calculate the greatest common divisor of 2483 and 91.
13
What is the greatest common divisor of 22 and 1078?
22
What is the highest common divisor of 838 and 6?
2
What is the highest common divisor of 78 and 130?
26
Calculate the greatest common factor of 1064 and 252.
28
Calculate the highest common factor of 2 and 178.
2
Calculate the greatest common factor of 935 and 55.
55
Calculate the greatest common factor of 2406 and 6.
6
Calculate the greatest common factor of 7520 and 15.
5
Calculate the greatest common factor of 90 and 6060.
30
Calculate the greatest common divisor of 90 and 210.
30
What is the highest common divisor of 300 and 2300?
100
What is the greatest common factor of 1 and 109?
1
What is the greatest common factor of 10190 and 30?
10
Calculate the highest common divisor of 100 and 80.
20
Calculate the highest common factor of 39 and 39.
39
What is the highest common divisor of 18 and 288?
18
What is the greatest common factor of 6968 and 728?
104
What is the highest common divisor of 1334 and 1886?
46
What is the greatest common factor of 44 and 2068?
44
Calculate the greatest common divisor of 650 and 20.
10
What is the highest common factor of 437 and 23?
23
What is the greatest common factor of 1908 and 48?
12
What is the greatest common divisor of 66 and 682?
22
What is the highest common divisor of 989 and 230?
23
What is the greatest common factor of 456 and 2472?
24
Calculate the highest common factor of 608 and 32.
32
What is the highest common factor of 56 and 8?
8
What is the highest common divisor of 56 and 24612?
28
What is the highest common factor of 148 and 2257?
37
Calculate the greatest common divisor of 116 and 3596.
116
What is the highest common divisor of 7 and 1?
1
Calculate the highest common factor of 128 and 96.
32
What is the highest common divisor of 72 and 369?
9
What is the highest common divisor of 14 and 7?
7
What is the greatest common divisor of 832 and 13?
13
Calculate the greatest common factor of 4 and 74.
2
What is the highest common factor of 190 and 110?
10
Calculate the highest common factor of 1591 and 172.
43
What is the highest common factor of 248 and 372?
124
What is the highest common factor of 2 and 522?
2
Calculate the greatest common divisor of 168